4 and 224.
14
Calculate the greatest common divisor of 272 and 25664.
16
Calculate the greatest common divisor of 7493 and 944.
59
What is the greatest common divisor of 2279 and 18619?
43
Calculate the greatest common divisor of 8680 and 1118635.
1085
What is the highest common factor of 64774 and 278?
278
What is the highest common factor of 3757 and 577?
1
Calculate the greatest common divisor of 1205830 and 222.
74
Calculate the highest common divisor of 1898 and 2774.
146
What is the greatest common factor of 4 and 179?
1
What is the highest common divisor of 10184544 and 288?
288
Calculate the highest common factor of 1638 and 20580.
42
Calculate the greatest common divisor of 8106 and 518.
14
What is the greatest common factor of 9699 and 5088?
159
Calculate the greatest common factor of 2742 and 102.
6
Calculate the highest common divisor of 714 and 233121.
357
What is the greatest common divisor of 16362 and 24846?
606
What is the highest common factor of 2340 and 75114?
234
What is the greatest common factor of 175 and 5913390?
35
Calculate the greatest common factor of 6180 and 1100.
20
Calculate the greatest common divisor of 41 and 463.
1
Calculate the greatest common factor of 12141 and 1368.
171
What is the highest common divisor of 15704 and 3952?
104
Calculate the highest common divisor of 228 and 128148.
12
Calculate the greatest common divisor of 33 and 53229.
33
What is the greatest common divisor of 897820 and 539?
77
Calculate the highest common divisor of 198 and 539.
11
Calculate the highest common divisor of 26319 and 279.
93
What is the greatest common divisor of 25305 and 630?
105
Calculate the highest common divisor of 280 and 7240.
40
What is the highest common factor of 189 and 18312?
21
What is the highest common factor of 161 and 23713?
23
What is the greatest common divisor of 1190 and 98?
14
What is the greatest common factor of 15 and 4203345?
15
What is the highest common factor of 2356 and 269173?
589
Calculate the greatest common factor of 904 and 43618.
226
Calculate the greatest common factor of 81 and 34479.
27
What is the greatest common factor of 10136 and 905?
181
Calculate the greatest common factor of 3286 and 3339.
53
Calculate the greatest common divisor of 74879 and 1197.
133
Calculate the highest common divisor of 1474 and 5126.
22
What is the greatest common divisor of 1100 and 6612100?
1100
Calculate the greatest common factor of 118131 and 15378.
699
What is the highest common factor of 5025 and 1800?
75
What is the greatest common factor of 1869594 and 3?
3
What is the highest common factor of 21 and 4338?
3
Calculate the highest common factor of 160 and 512540.
20
Calculate the greatest common factor of 213 and 22294.
71
Calculate the greatest common factor of 584 and 98258.
146
What is the highest common factor of 56 and 24913?
7
Calculate the greatest common divisor of 1516702 and 994.
142
What is the highest common divisor of 231517 and 143?
143
Calculate the highest common factor of 32247 and 72.
9
Calculate the greatest common divisor of 14748 and 12.
12
What is the highest common divisor of 41256 and 1512?
216
Calculate the greatest common factor of 10050 and 1850.
50
Calculate the greatest common factor of 21 and 20713.
7
Calculate the highest common divisor of 197 and 13922384.
197
What is the highest common factor of 1071 and 4074?
21
Calculate the highest common factor of 35640 and 8424.
648
Calculate the highest common factor of 658 and 40138.
658
Calculate the highest common divisor of 28 and 3225320.
28
What is the highest common factor of 55552 and 18662?
434
What is the highest common divisor of 226462 and 1194?
398
What is the highest common factor of 122598 and 4851?
441
Calculate the highest common factor of 1140 and 207195.
285
Calculate the highest common factor of 86 and 1334763.
43
What is the greatest common divisor of 42 and 83118?
42
What is the highest common factor of 680 and 8240?
40
Calculate the greatest common factor of 2379 and 12779.
13
Calculate the highest common factor of 232779 and 312875.
2503
Calculate the highest common divisor of 34 and 1802.
34
Calculate the highest common factor of 46088 and 2352.
56
Calculate the greatest common factor of 306384 and 130.
26
Calculate the highest common divisor of 846 and 90.
18
What is the greatest common divisor of 92 and 17724628?
92
What is the greatest common factor of 760 and 535?
5
What is the greatest common divisor of 3096 and 3133926?
774
Calculate the greatest common divisor of 313525 and 650.
25
Calculate the highest common factor of 77 and 7042.
7
Calculate the greatest common factor of 702112 and 2960.
592
Calculate the highest common divisor of 851 and 598.
23
What is the greatest common divisor of 1401 and 111?
3
What is the highest common factor of 2304 and 60336?
144
What is the highest common factor of 231 and 2123649?
33
What is the highest common divisor of 16 and 16466?
2
Calculate the greatest common divisor of 600 and 3624.
24
What is the highest common divisor of 204950 and 400?
50
What is the highest common divisor of 78 and 28977?
39
What is the highest common factor of 4205 and 17400?
145
Calculate the greatest common factor of 3180 and 52.
4
What is the highest common divisor of 4399036 and 316?
316
What is the highest common factor of 18 and 212166?
18
What is the highest common factor of 2926646 and 114?
38
What is the highest common factor of 2282798 and 369?
41
What is the highest common factor of 198 and 1072998?
18
Calculate the highest common divisor of 20664 and 712.
8
Calculate the highest common divisor of 14362 and 206412.
334
Calculate the highest common factor of 1431 and 200022.
159
Calculate the highest common factor of 245 and 23905.
35
What is the greatest common divisor of 28969 and 2065?
59
What is the greatest common factor of 349419 and 147?
147
Calculate the highest common factor of 805519 and 1118.
559
Calculate the greatest common factor of 3010 and 187810.
70
What is the highest common divisor of 1297784 and 248?
248
What is the highest common factor of 20418 and 4182?
246
Calculate the highest common factor of 3 and 620664.
3
What is the highest common divisor of 11968 and 53108?
748
What is the greatest common factor of 40 and 124?
4
Calculate the greatest common divisor of 14652 and 12.
12
What is the greatest common divisor of 5516 and 362480?
788
What is the greatest common divisor of 148257 and 646?
323
Calculate the highest common divisor of 296037 and 35742.
777
What is the highest common factor of 6754179 and 219?
219
What is the greatest common factor of 2086 and 24138?
298
Calculate the greatest common divisor of 973 and 4448.
139
Calculate the greatest common divisor of 8280 and 23880.
120
Calculate the highest common divisor of 3620175 and 78.
39
Calculate the greatest common divisor of 469075 and 2320.
145
What is the greatest common factor of 34561 and 3553?
323
Calculate the greatest common factor of 505 and 48581.
101
Calculate the greatest common divisor of 1449 and 30744.
63
What is the greatest common factor of 323 and 24191?
17
What is the highest common factor of 41 and 1025?
41
What is the greatest common factor of 1377 and 55284?
51
What is the greatest common factor of 666 and 40248?
18
What is the highest common factor of 802560 and 720?
240
Calculate the highest common divisor of 845 and 8273395.
845
Calculate the highest common divisor of 220 and 370840.
20
Calculate the greatest common factor of 96 and 482208.
96
Calculate the greatest common divisor of 1 and 71209.
1
What is the highest common factor of 329371 and 422?
211
What is the greatest common divisor of 498 and 268920?
498
Calculate the highest common factor of 896 and 21742.
14
Calculate the greatest common divisor of 6008472 and 216.
216
Calculate the greatest common factor of 124 and 500.
4
What is the highest common divisor of 208 and 5863?
13
Calculate the highest common divisor of 1770 and 122484.
354
What is the greatest common factor of 10192 and 67704?
728
Calculate the highest common divisor of 1053717 and 21.
21
What is the highest common factor of 85707 and 535?
107
Calculate the highest common divisor of 14128 and 80.
16
Calculate the greatest common facto